er when 14 is divided by b(o).
2
Let m(v) = -v**2 + 15*v + 8. Calculate the remainder when 46/((-2)/(-1) - 0) is divided by m(15).
7
Suppose -5*s = -2*c - 8, c + 9 = 5*s - 0*c. Suppose s*n - 12 = -0. Let v = -1 + 18. What is the remainder when v is divided by n?
5
What is the remainder when 66 is divided by (-6)/(-12) - (54/(-4))/1?
10
Let c = -17 + 35. Suppose 0 = 4*h + d - 24, -d + 6*d - 8 = -4*h. What is the remainder when c is divided by h?
4
Let v(u) = 2*u**2 - 6*u - 6. Let i be v(5). Let z = i + 7. Calculate the remainder when z is divided by 12.
9
Suppose -2*j + 7*j - 230 = 0. What is the remainder when 91 is divided by j?
45
Let x = 10 - 4. Suppose -l = 3*g - 84, 3*l - 2*l + 28 = g. Suppose 2*v + 4*o = 7*v - g, 2*o = -4. Calculate the remainder when x is divided by v.
2
Suppose 3*s + f = 20, 4*s - 4*f + 5*f = 25. Suppose -5*x + 56 = 5*n - 9, -3*n = s*x - 31. Let a = 9 + -3. Calculate the remainder when n is divided by a.
5
Let m(h) = h**3 - 3*h + 1. Calculate the remainder when 10 is divided by m(2).
1
Suppose 0 = q - 8 + 2. Calculate the remainder when 20 is divided by q.
2
Let g be 2/(-4) - 3/(-6). Let b be 1*(-1)/2*g. Suppose b*h + 39 = 3*h. What is the remainder when 24 is divided by h?
11
Let x(s) = -s**3 - 9*s**2 - s + 11. Calculate the remainder when x(-9) is divided by 11.
9
Suppose -2*r = 2*r + 12. Let i be r/(6/2) + -28. Let h = i - -90. Calculate the remainder when h is divided by 21.
19
Suppose -p - b + 25 = 2*p, b = 3*p - 35. Let d = p + -1. Calculate the remainder when 25 is divided by d.
7
Let i = 68 + -36. Calculate the remainder when 127 is divided by i.
31
Calculate the remainder when 50 is divided by (2 - -1) + (3 - -11).
16
Let r(g) = g**3 - 12*g**2 + 3*g - 4. Calculate the remainder when r(12) is divided by 7.
4
Let q(l) = l + 3*l + 4*l**2 - 5*l - 3*l**2 + 9. What is the remainder when 114 is divided by q(-4)?
27
What is the remainder when 9/3 - -6*6 is divided by 10?
9
Let d(o) = 23*o - 2. Let k be d(-3). Let q = 100 + k. Calculate the remainder when q is divided by 10.
9
Suppose 30 = -13*j + 18*j. Calculate the remainder when 15 is divided by j.
3
Let f = 76 - 42. Suppose 0 = 2*h + h - 81. Let g = h - 15. Calculate the remainder when f is divided by g.
10
Suppose 12*n - 13*n + 25 = 0. What is the remainder when 97 is divided by n?
22
Let f(x) = x + 3. Let d be f(4). Let m = 1 + d. What is the remainder when 29 is divided by m?
5
Suppose 7*r = 10*r - 9. Let o = -38 - -54. Calculate the remainder when o is divided by r.
1
Let m = -69 + 112. What is the remainder when m is divided by 22?
21
Let p(b) = b**2 + b - 3. Suppose 2*v - 4*l - 24 = 4*v, 2*v = 5*l + 12. Let i(c) = -10*c - 3. Calculate the remainder when i(-2) is divided by p(v).
8
Suppose -b = b - 106. What is the remainder when b is divided by 19?
15
Let v(k) = -8*k - 1. Let p be v(1). Let n = 16 + p. What is the remainder when 12 is divided by n?
5
Let b(x) = x**3 + 8*x**2 + 3*x + 1. Calculate the remainder when b(-7) is divided by 10.
9
Suppose 322 = -4*p + 11*p. Calculate the remainder when p is divided by 16.
14
Suppose 4*d + 4 = 5*d. Suppose -2*b - 3*o = -24, 3*b - d*b + 3 = -3*o. Suppose 0*n = -3*n + 48. Calculate the remainder when n is divided by b.
7
Let g be 23*1/2*-2. Let t = g - -40. Let i = 18 - 12. What is the remainder when t is divided by i?
5
Let b be 2/(-5) - 32/20. Let j(t) = 3*t**3 + t**2 + t - 2. Let y be j(b). Calculate the remainder when 15 is divided by (y/10)/((-3)/10).
7
What is the remainder when 81 is divided by (1/3)/(8/504)?
18
Let k = 39 - 26. What is the remainder when 23 is divided by k?
10
Suppose -4*c - 12 = 0, -b - 3*c + 62 + 9 = 0. Suppose 3*q + 61 = 2*g, 2 = 4*g + 2*q - b. What is the remainder when g is divided by (2*-2)/(1/(-2))?
7
Let p = 139 + -79. What is the remainder when p is divided by 22?
16
Let h(k) = -k**3 + 13*k**2 - 6*k - 7. Let y be h(10). Let m = y - 161. What is the remainder when m is divided by 15?
12
Suppose -4*p = -46 + 10. Calculate the remainder when p is divided by (-14 - (-2)/(-2))*6/(-18).
4
Let t(y) = y**3 + y**2 + 51. Suppose 5*q - 3*b = 2*b + 85, 2*q = -3*b + 39. What is the remainder when t(0) is divided by q?
15
Let g(l) = -24*l**3 + 2*l**2 + 2*l + 1. Let k(u) = u - 5. Let h be k(4). Calculate the remainder when g(h) is divided by 7.
4
Calculate the remainder when 34/((-9)/((-108)/8)) is divided by 26.
25
Let m(h) = h**2 + 14. Let w be m(0). Suppose z - 6 = -2*z. Suppose -a = -z*a + w. What is the remainder when 26 is divided by a?
12
Let q = 52 - 34. Let n = 5 + -4. Calculate the remainder when 36*n + 0 - 2 is divided by q.
16
Let g(a) = a**3 + 4. Let k be g(0). Suppose b + 175 = -k*b. Let p = -22 - b. Calculate the remainder when p is divided by 4.
1
Let i = -50 + 73. Calculate the remainder when 68 is divided by i.
22
Let c(p) = -9*p - 6. Let q(z) = 13*z + 9. Let s(t) = -7*c(t) - 5*q(t). Calculate the remainder when 7 + (1/(-1) - -2) is divided by s(-4).
3
Let p be ((-12)/(-5))/((-12)/(-40)). Suppose 5*y + 32 = 3*s, s - p = y - 0*s. Let q = y - -13. Calculate the remainder when 16 is divided by q.
7
Let l be 0 - 0/(0 + 1). Let z(y) = 2*y + 1. What is the remainder when (-27)/(-2 + -1) + l is divided by z(2)?
4
Let v(m) = m**3 + 11*m**2 - 14*m - 12. What is the remainder when v(-12) is divided by 8?
4
What is the remainder when 82 is divided by (176/20)/(7/35)?
38
Let a(u) = 24*u**2 + u + 1. What is the remainder when a(1) is divided by 8?
2
Let b = -63 + 112. What is the remainder when b is divided by 10?
9
Let u(v) = -2*v - 5. Let m be (-34)/8 - (-1)/4. What is the remainder when 6 is divided by u(m)?
0
Let j(b) = -5*b - 23. What is the remainder when 67 is divided by j(-8)?
16
Suppose 4*c - 233 = -5*o, -2*o - c - 3 = -95. Let h = -27 + o. Calculate the remainder when 34 is divided by h.
16
Let r(p) = -p**2 - 6*p - 4. Let u be r(-11). Let o = -42 - u. What is the remainder when o is divided by 10?
7
Let u(f) = -f**2 + 3*f. Let k be u(2). Suppose 2*q = -2*q - 3*i - 33, -5*i = -k*q + 3. Calculate the remainder when 46 is divided by (-70)/q + 1/3.
10
Let z(a) = 2*a**3 - 5*a**2 - 3*a + 3. Calculate the remainder when z(4) is divided by -21*(2 + 2)/(-4).
18
Let r = 46 - 80. Calculate the remainder when 5/(-10)*(r - 0) is divided by 2*2/10*15.
5
Let r be (-2)/(-6) - (-62)/(-6). What is the remainder when ((-30)/8)/((-9)/36) is divided by (r/6 - -1)*-12?
7
Let z(u) = -u + 2. What is the remainder when 16 is divided by z(-4)?
4
Suppose 223 = 5*l + 13. Calculate the remainder when l is divided by 11.
9
Let x = 1 - 3. What is the remainder when 35 is divided by x/(-6) - 175/(-15)?
11
Suppose 3*z - 20 - 4 = 0. Calculate the remainder when 37 is divided by z.
5
Let i be 0 + 3/3*6. Suppose 5*g - i*g - 542 = 0. What is the remainder when g/(-14) + 6/21 is divided by 14?
11
Suppose -9*a = -16*a + 1001. Calculate the remainder when a is divided by 29.
27
Suppose -140 = 2*a - 9*a. What is the remainder when 59 is divided by a?
19
Let u = 681 + -406. Suppose a = 6*a + u. Let c = -38 - a. What is the remainder when c is divided by 9?
8
Let p(i) = -i**3 - 7*i**2 - 8*i - 8. Let x be p(-6). Let u(t) = -t**3 + 5*t**2 - t + 13. Calculate the remainder when 18/x*10/3 is divided by u(5).
7
Let b = 14 - 14. Suppose b = -0*a + 5*a - 435. Calculate the remainder when a is divided by 18.
15
Let t(h) be the second derivative of h**4/12 - h**3/2 + 3*h**2/2 - 2*h. What is the remainder when t(4) is divided by 3?
1
Suppose 4*z + 16 = -2*p, p + 2*z = -4*p - 16. Let y = 5 + p. Suppose 4*h = -y*w + 182, 118 = 2*w + 3*h - 2*h. Calculate the remainder when w is divided by 20.
18
Calculate the remainder when (2/(-4))/((-5)/290) is divided by 15.
14
Suppose m + 0*m + 1 = -s, 5*s + 4*m + 10 = 0. Let k = s + 15. Calculate the remainder when 35 is divided by k.
8
Let i(o) = 3*o**2 - 31*o - 15. What is the remainder when 48 is divided by i(11)?
6
Let f(k) = k**3 + 15. Let j be f(0). Let w be 4 + -1 + (-1 - 0). Suppose -w*g + 3 = -j. What is the remainder when 25 is divided by g?
7
Let h(n) = 4*n**2 + 2*n - 23. What is the remainder when 144 is divided by h(4)?
46
Suppose 5*i - r = -4*r + 114, 5*r - 110 = -5*i. Calculate the remainder when 138 is divided by i.
18
Suppose -r - 15 = 3*q - 2*r, 7 = -q + r. Let b be q/12 - 7/(-3).